- 410. List the prime factors of k(33).
2, 1201
List the prime factors of -8 - 245060/(-110) - (-8)/44.
2, 3, 5, 37
Suppose 254*q = 260*q - 2352. List the prime factors of q.
2, 7
Suppose 0 = -0*v + 4*v - 40. Suppose -2*h - 3*h = -v. Suppose 0 = h*u - 115 + 31. List the prime factors of u.
2, 3, 7
Let u = -214 - -4. Let v be (2/(-6))/(14/u). Suppose -9*q + 188 = -v*q. List the prime factors of q.
47
Let x(u) = -u**2 - 6*u + 2. Let f be x(-6). Suppose -3*y - 8 + f = 0. List the prime factors of (-27)/y*12/18.
3
List the prime factors of 104/20 - 4 - 207651/(-95).
3
Let m(o) = 350*o**2 - 8*o + 33. List the prime factors of m(4).
3, 1867
What are the prime factors of 965 + (-3)/3 + 4 + 6?
2, 487
Suppose 11*z = 8727 + 6992. What are the prime factors of z?
1429
Let n = 23 - 17. Let h(y) = 2 + 4*y - n*y + 2*y - 2*y + 54*y**2. List the prime factors of h(1).
2, 3
Let k = -11 - -13. Let h = k - -1. Suppose 0 = h*x - 0*y + 2*y - 164, 32 = x - 5*y. What are the prime factors of x?
2, 13
Let g(f) = 2*f + 4. Let d be g(-3). Let c be d*(-1)/((-8)/(-180)). Let n = c - 26. What are the prime factors of n?
19
Let o = 12 + -15. Let h(c) = -c**3 - 2*c**2 + 3*c + 3. Let f be h(o). List the prime factors of f*(4 - -22)/2.
3, 13
Suppose 2*v - 152 + 12 = 0. What are the prime factors of (126/(-35))/((-2)/v)?
2, 3, 7
Let g = 918 - -1687. What are the prime factors of g?
5, 521
Suppose 9*h + 5*k = 4*h + 1685, -679 = -2*h + 3*k. What are the prime factors of h?
2, 13
Suppose 5439 + 10742 = 11*a. What are the prime factors of a?
1471
Let x be 3 - (-4 + 6/2). Suppose u + u = -x*r + 136, u - 80 = -5*r. What are the prime factors of u?
2, 3, 5
Let z(y) be the third derivative of 503*y**4/24 + y**3/6 + 9*y**2. Let w be z(-2). What are the prime factors of w/(-18) + (-7)/(-42)?
2, 7
Suppose -s - 2616 = -3*f, 5*f - 1256 = s + 3104. What are the prime factors of f?
2, 109
Suppose -35*z + 42480 = -25*z. What are the prime factors of z?
2, 3, 59
Let l(q) = -26*q + 522. What are the prime factors of l(-12)?
2, 3, 139
Let r be 6/(-3)*(10 - 5). Let d = 8 + r. What are the prime factors of (812/(-21))/(d/3)?
2, 29
Let n(v) = v**2 - v + 1. Let g(r) = -6*r**2 - 2*r + 5. Let u(m) = -g(m) - 5*n(m). What are the prime factors of u(-12)?
2, 5
Suppose -3*l + 26 + 9 = 4*s, 0 = -5*s - 2*l + 35. Suppose 8 = -2*t, -5*u - 4*t = -34 + s. Let y = u + 20. List the prime factors of y.
29
Let r = -22 - -20. Let h = r - -26. List the prime factors of h.
2, 3
Let u(k) = 2*k**3 + 11*k**2 - 7. Let f be u(-6). Suppose 0 = -5*y - 0*y + 5. What are the prime factors of (f - -6)*y*-1?
37
Let c be (-13)/52 + 107/(-4). Let z = c + 110. What are the prime factors of z?
83
Let d = 19 - -39. Suppose 0 = -4*z - d + 314. What are the prime factors of z?
2
Let x(m) = 4 + 2 - 3 + m. Let n(a) = 1. Let g(s) = -11*n(s) + 4*x(s). What are the prime factors of g(1)?
5
Suppose 5 = -3*l + 4*a - 5, 0 = 2*l - 2*a + 4. Suppose -4*z = -4, 4*w + l*z - 7*z = 267. What are the prime factors of w?
2, 17
Let b = -10 - -10. Suppose b*n - n + 3*c + 12 = 0, 0 = -5*n + 4*c + 60. What are the prime factors of (-99)/n*8/(-6)?
11
Let k(x) = -x**3 - 12*x**2 - 9*x - 33. Let p be k(-12). Suppose y = p + 48. List the prime factors of y.
3, 41
Suppose f = 5*f + 936. Let y be (4 + -1)*f/(-27). What are the prime factors of y/143 + 1778/22?
3
Let n = 378 + -135. List the prime factors of n.
3
Suppose -5*v - 2*p = -15 - 30, 3*v = -5*p + 46. List the prime factors of (-4)/(-14) + 369/v.
53
Suppose s = -4*m + 2*s + 11113, -5*m = -s - 13892. What are the prime factors of m?
7, 397
Let u(w) = -3*w - 21. Let t be u(-9). Suppose -7*g = -3*g. Suppose g = -2*v + 8, -i - 4*v + t + 25 = 0. List the prime factors of i.
3, 5
Let n = 4376 - -373. What are the prime factors of n?
3, 1583
Suppose -6*j + 2*j = -4. Suppose -5*x = -2*q + 39, -4*x + 12 = 6*q - 4*q. What are the prime factors of 6/q*48/j?
2, 3
Let i(y) = -5*y**3 - y - 1. Let l be i(-1). Suppose 13 = 2*b + r - 1, -3*b = 5*r - 35. Suppose 31 = b*t - 2*n, l*t + 3 = 5*n + 28. List the prime factors of t.
7
Let g(q) = -2*q**3 - 14*q**2 - 14*q + 3. List the prime factors of g(-10).
743
Let r(v) = -v**3 - 5*v**2 + 9*v + 12. Let z be r(-6). Let j be 3 + 8/(z + 2). Suppose 4*c - 21 = -j. What are the prime factors of c?
5
Suppose -5 = -5*q - 20, u + 3*q = -5. Let s be ((-39)/9 + u)*-27. What are the prime factors of -87*(-3)/s + -4?
5
Suppose 3*o + 59 - 16 = -2*w, 3*w + 47 = -o. Let z be ((-8)/w)/((-30)/(-105)). Suppose 1 = -a + 6, z*k = -5*a + 87. What are the prime factors of k?
31
Let l = -60 + 85. Let d = -16 + l. Suppose 3*h + 9 = 0, d*v = 4*v - 3*h + 181. List the prime factors of v.
2, 19
Let h be -1 + -1 - (-13 - -3). Let t(r) = r + 6. List the prime factors of t(h).
2, 7
Let y = -29 - -42. Let i be y/(-39)*-3*4. Suppose -h - 9 = -i*h. What are the prime factors of h?
3
Suppose -4*i - 4 = -5*x - 0*i, 16 = 5*x - i. Let p be 2 - (1 + -4) - x. Let c(v) = 37*v**3 + 1. List the prime factors of c(p).
2, 19
Suppose -f = -5*t + 76, -4*t = -t + 4*f - 64. What are the prime factors of t?
2
Suppose 4*d + 1909 + 1455 = 3*k, -d + 2 = 0. What are the prime factors of k?
2, 281
Let w = -53 + 55. Suppose 4*v - 16 = 0, -4*v + 316 = w*d - 2*v. List the prime factors of d.
2, 7, 11
Suppose 0 = -2*f - 2*f. Suppose n + n - 6 = f. Suppose -90 = -n*l - 2*l. What are the prime factors of l?
2, 3
Suppose 4*g - 4*m - 2560 = -g, 4*m = 0. List the prime factors of g.
2
Let u(d) = -2*d - 2. Let j be u(-1). Suppose j*v = -v + 68. List the prime factors of v.
2, 17
Let c be (12*(-1 + -2))/1. Let y = c + 79. What are the prime factors of y?
43
Let t(d) = 3*d**3 - 4*d**2 + d + 2. Let c be t(2). Let h = -3 + c. Let j = 15 - h. What are the prime factors of j?
2, 3
Let y(n) = n + 4. Let l be y(6). Suppose -4*p = 5*o - 0*o - l, 0 = 2*o - 3*p - 4. Suppose -m - m = -o*g + 4, -2*m = g - 11. List the prime factors of m.
3
Let p = -2275 + 2595. What are the prime factors of p?
2, 5
Let i(u) = 12*u**2 + 3*u - 3. Let a(d) = -d**3 + 2*d**2 + 2*d - 2. Let b be a(2). List the prime factors of i(b).
3, 17
Suppose -1040 - 360 = -4*h + 4*c, 3*h + 2*c = 1040. Suppose 4*s = 4*o - 696, h = 2*o + 2*s + 2*s. List the prime factors of o.
2, 3, 29
Let k = -25 + 30. Suppose k*q = 5*l + 815, 4*l + 339 = 5*q - 476. What are the prime factors of q?
163
Let v(k) = -k**3 - 12*k**2 + 11*k + 12. Let s be v(-14). Suppose -2*b = -4*u + s, 8*u = 3*u - 2*b + 308. List the prime factors of u.
2, 31
Suppose 0 = r + 3*m - 2*m - 214, 2*m + 1042 = 5*r. Suppose -9*l + 4*l + r = 0. List the prime factors of l.
2, 3, 7
Suppose -1502 + 117 = 5*f. Let s = f + 394. What are the prime factors of s?
3, 13
Let v = 28 + -28. Suppose -5*r + 167 + 348 = v. What are the prime factors of r?
103
Suppose -d + 2*w + 1296 = -164, -5816 = -4*d + 2*w. List the prime factors of d.
2, 3, 11
Let d be (-2 + 4)/(8/12). Let w(k) = -8*k + 3. Let a be w(d). Let j = a + 27. What are the prime factors of j?
2, 3
Let p = -1143 + 1714. List the prime factors of p.
571
Suppose -4*u - 32 = 4*h, 5*h + u + 33 = 9. Let y be ((-14)/h)/(5/110). Let k = y + -53. List the prime factors of k.
2, 3
Let x = -16 - -20. Suppose s - 4*a = 4, 3*s = -x*a - 3 - 1. Suppose -3*u + u + 88 = s. What are the prime factors of u?
2, 11
Suppose 5299 + 267 = 11*u. List the prime factors of u.
2, 11, 23
Suppose -3 = -7*u + 6*u. Suppose -3 - 9 = u*p, 2*p = -3*n - 188. What are the prime factors of (n/(-8))/(3/4)?
2, 5
Let i = -7 + 3. Let u(n) = n**2 - 8*n - 3. Let o(j) = -3*j**2 + 15*j + 6. Let t(m) = i*o(m) - 7*u(m). What are the prime factors of t(3)?
2, 3, 5
Let y be -3 - (-15)/(3 + 2). Suppose -2*v - 4*g + 104 = -y*g, 4*v - 4*g = 184. What are the prime factors of v?
2, 3
Let g = -5 - -7. Suppose 0 = -g*j - z + 29 + 5, -5*j - 5*z + 80 = 0. Let t = 40 - j. What are the prime factors of t?
2, 11
Suppose -3379 - 261 = -4*o. What are the prime factors of o?
2, 5, 7, 13
Let t(f) = 61*f - 37. Let n(o) = -30*o + 19. Let v(r) = -5*n(r) - 3*t(r). List the prime factors of v(-5).
181
Suppose 3*s + 2*v = 66 + 65, s + 4*v = 47. Let z = s + -21. What are the prime factors of z?
2, 11
What are the prime factors of 5 + -2 + (465 - 10)?
2, 229
Let u be -7 + 6 - -4*1. Let w be (u - 8/4) + 11. Suppose -c = -t - w, -5*c - 3*t + 68 = -0*t.